et w = 15 + u. List the prime factors of w.
2, 3
Suppose 3*a + p = 57, -4*a - 3*p + 78 = -p. What are the prime factors of 6/a*(2 + 67)?
23
Suppose 0 = -2*m + 5*m - 102. What are the prime factors of m?
2, 17
What are the prime factors of 942/14 - (-14)/(-49)?
67
Let c(j) = -14*j**3 - 6*j**2 - 3*j + 3. List the prime factors of c(-2).
97
Suppose -9*d - 120 = -11*d. Suppose -4*i = -0*i - d. What are the prime factors of i?
3, 5
Let z(q) = q. Let b(o) = -4*o**2 - 5*o - 3. Let n(l) = -b(l) - 2*z(l). Let y = -2 - 0. What are the prime factors of n(y)?
13
Suppose 0 = 5*k - n + 3*n - 246, -k + 3*n = -39. What are the prime factors of k?
2, 3
List the prime factors of (0 - 2)/(1/(-20)).
2, 5
Suppose -3*v + 1 + 5 = 0. Let o = v + 6. Let u = o - -1. What are the prime factors of u?
3
Suppose 3*p - 2*o - 34 = 0, 3*p + 4*o + 0 - 4 = 0. What are the prime factors of 26*(-2 + 28/p)?
3, 13
Let g(b) = b**2 - b. Suppose 4*y - 2*o + 3 = -3, 3*y + o = 8. Let s(i) = -5*i**2 + 14*i - 10. Let k(r) = y*s(r) + 4*g(r). What are the prime factors of k(8)?
2, 3
Let k be (16/6)/((-1)/3). What are the prime factors of (-13)/1*k/8?
13
Suppose -o - 3*x - 38 = 0, -12 = 5*o - 3*x + 88. What are the prime factors of o*(-3 - (3 + -5))?
23
Let w(r) = -2*r**3 - 3*r**2 - 10*r - 5. Let c be w(-7). What are the prime factors of c/20 + (-1)/5?
2, 3, 5
Let q(g) be the third derivative of -g**7/2520 + g**5/40 + g**4/8 - g**2. Let r(n) be the second derivative of q(n). List the prime factors of r(0).
3
Suppose a + 180 = 4*c + 2*a, -2*c + 5*a = -112. What are the prime factors of c?
2, 23
Let h(z) = -4*z**2 + 23*z - 6. What are the prime factors of h(4)?
2, 11
Suppose -3*y + 3*k + 13 = 4, 0 = -3*y + 4*k + 10. Suppose -4*h + 26 = -y*h. List the prime factors of h.
13
Let z = 258 + -151. Suppose s = -5*j - 2*s + 124, -4*j - 5*s = -z. What are the prime factors of j?
23
Let p(v) = 8*v**2 + 2*v - 1. Suppose 7*j - 4 = 3*j. List the prime factors of p(j).
3
Suppose -2*y = -7 + 1. Let a(t) = 2*t - 1. Let g be a(y). Suppose g*o + 2 - 47 = 0. List the prime factors of o.
3
Let s be -1 - -1 - 1 - -43. Let p = s - 28. List the prime factors of p.
2, 7
Let n(g) = 33*g + 19. What are the prime factors of n(6)?
7, 31
Suppose -d - 16 = 2. List the prime factors of (2/4)/((-3)/d).
3
Suppose 41 = 5*h - 29. Let u be 0 + (2 + 24 - -1). Let n = u - h. What are the prime factors of n?
13
Suppose 4*m = m. Suppose -5*s + 0*s = -3*q - 62, -s - 3*q - 2 = m. Suppose 0 = 3*n - 2*n - s. List the prime factors of n.
2, 5
Let c(n) = n**2 + n + 21. List the prime factors of c(0).
3, 7
Let u = 1 + -10. Let l = u + 15. List the prime factors of l.
2, 3
What are the prime factors of (36/5 - 3)/(4/60)?
3, 7
Let s = 9 - 9. Suppose s = -4*r + 10 + 2. What are the prime factors of r?
3
Let u(k) = k**2 - 7*k - 6. Let c be u(8). What are the prime factors of 25/c + (-12)/(-24)?
13
Let w(y) = 3*y. Suppose -4*k = -0*d - 4*d, -2*d - 4 = -4*k. Suppose -i + 4 - d = 0. List the prime factors of w(i).
2, 3
Let b be -9*(0 + 4/6). List the prime factors of (-3)/b*(-1 - -51).
5
Let r = 9 + 45. List the prime factors of r.
2, 3
Let p = -77 - -36. Let t = p - -63. List the prime factors of t.
2, 11
Let a(m) = m**2 + 3*m + 6. What are the prime factors of a(-4)?
2, 5
Suppose -4*x + 9*x = 30. Let t = 0 + x. List the prime factors of t.
2, 3
Suppose 2*t + 87 = 3*n - 2*t, 0 = 3*n - t - 96. List the prime factors of n.
3, 11
Suppose 0 = 6*g + 9 - 45. What are the prime factors of g?
2, 3
Let w(a) = -2*a**2 + 10 - a - a**3 - 6*a - 6*a**2. Let r(f) = 3*f + 5. Let j be r(-4). List the prime factors of w(j).
2, 5
Let w be 3/((-6)/4*-1). Suppose 2*h + 24 = w*v, v + 4*h = h + 16. What are the prime factors of v?
13
What are the prime factors of ((-560)/42)/(1/(-18)) + 2?
2, 11
Let w = -259 + 100. Let q(n) = n**3 + 5*n**2 + 3*n + 5. Let i be q(-5). List the prime factors of w/(-15) - (-6)/i.
2, 5
Suppose 34*d = 9*d + 9075. What are the prime factors of d?
3, 11
Let p = 6 + -7. What are the prime factors of (1/(-2))/(p/12)?
2, 3
Let a(f) = f**3 - 9*f**2 - 17*f + 21. What are the prime factors of a(11)?
2, 19
Let u(f) = -71*f + 1. List the prime factors of u(-1).
2, 3
Let u = 3 + 6. Let p(m) = -m**2 + 0 + 4 - 1 - u*m + 3. List the prime factors of p(-9).
2, 3
Let b = 1 + 3. Let o be (0 + -1)/(-1 + 0). What are the prime factors of (b/(-6))/(o/(-9))?
2, 3
Suppose -2*j - j + 27 = -3*g, g - 3 = -2*j. Suppose 12 = -3*i, 0*k = 4*k + j*i - 80. List the prime factors of k.
2, 3
Suppose -4*y = 2*w + 10, -3*y - 3*w = -0*w. Let k = -3 - y. What are the prime factors of k?
2
Let v(k) = k**2 - 2*k + 12. List the prime factors of v(16).
2, 59
Suppose 0 = -0*v - 2*v + 88. What are the prime factors of v?
2, 11
Suppose -60 + 188 = y. What are the prime factors of y?
2
Suppose -t = 4*g + 12, g = -4 - 1. Let i = 11 + t. What are the prime factors of i?
19
Let u = 5 - 6. Let t be (-1 + u)*(-2)/(-2). List the prime factors of ((-5)/10)/(t/28).
7
Let p = -8 + 5. Let h be 60/9 - 1/p. Let b(n) = -n + 13. List the prime factors of b(h).
2, 3
Let z = 13 + -8. Suppose -z*o + 80 = -35. List the prime factors of o.
23
Let v(u) = -2*u - 11. Let r be v(-8). Let i = 2 + r. List the prime factors of i.
7
Let f(l) = 2*l + 2. Suppose 2*w - 10 = w + 3*m, 5*m + 20 = 0. Let i be f(w). List the prime factors of -2 + i/(6/(-39)).
11
Let r = 1 - 1. Suppose -j - 4*j + 20 = r. What are the prime factors of j?
2
What are the prime factors of 407 + (2/4 - (-35)/14)?
2, 5, 41
Let d = 236 + 34. List the prime factors of d.
2, 3, 5
Let d(f) = 3*f**2 - f. Let j be d(1). Suppose -j*x = 3*x - 45. Suppose 4*m = 49 - x. List the prime factors of m.
2, 5
Suppose 5*i + 270 = 7*i. List the prime factors of i.
3, 5
Let k = -178 + 348. What are the prime factors of k?
2, 5, 17
Let f be 5/((-5)/(-4)) + -3. What are the prime factors of (-17)/(-1) + (f - -2)?
2, 5
Let z(b) = b**2 - 5*b + 12. What are the prime factors of z(-5)?
2, 31
Suppose g = -5*n - 5, 5*g + 4*n - 12 - 5 = 0. What are the prime factors of g?
5
Suppose 4*o - 117 = 15. What are the prime factors of 268/22 - 6/o?
2, 3
Let g = 1 - 3. Let q be (-5)/g + (-1)/2. What are the prime factors of 13 - ((-4)/q - -4)?
11
List the prime factors of ((-12)/9 - 1/(-3))*-137.
137
Suppose 0 = -2*v + 3*v + 2*m + 16, -v - 3*m - 17 = 0. Suppose 2*d = -6, -5*k - 3*d - 93 = 26. Let a = v - k. What are the prime factors of a?
2
Let t = -18 + 26. Suppose 5*x + t = -3*q + 24, -3*x - 38 = -5*q. Let z = 19 - q. What are the prime factors of z?
2, 3
Suppose l - 25 = 30. What are the prime factors of l?
5, 11
Let g(a) = 3*a**2 - 3*a - 3. Let l(t) = 6*t**2 - 6*t - 7. Let s(d) = 5*g(d) - 2*l(d). List the prime factors of s(-2).
17
Suppose -5*p = -5*u + 500, p + 2*p = -5*u + 516. What are the prime factors of u?
2, 3, 17
Let j = 3 + 2. Suppose 2*i = j*h - 129, 2*h - 65 = -h - 5*i. What are the prime factors of h?
5
Suppose 0 = 2*o - 5*w - 258, 2*o + 0*o + 5*w = 258. List the prime factors of o.
3, 43
Let a(t) = -t**3 + 7*t**2 - 3*t + 6. Let s be a(7). Let k = s - -31. What are the prime factors of k?
2
Let o be 0 + 2 + -1 + 41. Suppose 6*d = 3*d + o. What are the prime factors of d?
2, 7
Let n be (12/(-10))/((-8)/20). Suppose 3*f + 4*u - 26 = 10, -u + 45 = n*f. Let x = f - 9. What are the prime factors of x?
7
Let l(x) = x**3 - 7*x**2 + 12*x - 11. List the prime factors of l(7).
73
Let l = 237 - 152. Let a = -46 + l. Suppose 2*j = 2, -i - j - a = -5*i. List the prime factors of i.
2, 5
Let w(x) be the second derivative of -x**5/20 - x**4/3 - x**3/6 - x**2 - 2*x. List the prime factors of w(-4).
2
Suppose 4*y + 104 - 32 = 2*j, 4*j - 4*y - 144 = 0. Suppose 2*h - j = -6. What are the prime factors of h?
3, 5
Let w = -5 - -9. Suppose 3 + 45 = w*d. Suppose -4*y + 6*a = a - 43, -3*y = 3*a - d. List the prime factors of y.
7
Suppose 3*l = 3, -a - 2*l + 87 = 3. Suppose -3*r + a + 11 = 0. List the prime factors of r.
31
Let k = -2 + 5. Suppose -2*s - b + 12 = b, 22 = k*s - b. What are the prime factors of s?
7
What are the prime factors of -1 - (0 - (1 + 68))?
2, 17
Suppose 4*i = -4*o + 72, i - 4*i + 58 = 4*o. What are the prime factors of i?
2, 7
List the prime factors of (-4)/(-10) - 558/(-30).
19
Let y be ((-8)/7)/((-10)/35). Suppose y*c + 0*c - 76 = 0. What are the prime f